7?
1
What is the greatest common factor of 4226516 and 12254?
1114
Calculate the highest common divisor of 32241185 and 203.
29
What is the greatest common factor of 855 and 25654845?
285
What is the highest common factor of 101900295 and 255?
255
Calculate the greatest common divisor of 8608602 and 1526.
218
What is the greatest common divisor of 55350 and 619100?
2050
What is the greatest common factor of 40852884 and 60?
12
What is the greatest common divisor of 319 and 339092824?
29
What is the greatest common factor of 330 and 2839980?
330
Calculate the highest common factor of 72 and 535284.
36
Calculate the highest common factor of 2964873 and 98379.
1929
What is the highest common divisor of 41929 and 211462?
23
What is the highest common divisor of 38448 and 100860?
12
What is the highest common factor of 177534621 and 3774?
1887
What is the highest common factor of 5745 and 208376895?
5745
What is the highest common factor of 27396719 and 20167?
301
What is the highest common divisor of 3989146 and 119686?
1162
Calculate the highest common factor of 16290781 and 13.
13
What is the highest common factor of 477 and 1200662?
53
Calculate the highest common factor of 11732 and 11599.
7
What is the highest common factor of 25434 and 753057?
81
Calculate the greatest common divisor of 1030 and 548810.
10
What is the highest common divisor of 9752 and 684940?
92
What is the greatest common divisor of 37180 and 1753180?
2860
What is the highest common factor of 9513090 and 50?
10
Calculate the highest common divisor of 2374704 and 370928.
3824
What is the greatest common factor of 86669 and 9889?
11
Calculate the greatest common divisor of 18689 and 14905.
11
What is the greatest common divisor of 1379770 and 20650?
70
What is the highest common divisor of 4208078 and 986?
34
What is the greatest common factor of 38139570 and 9?
9
What is the greatest common divisor of 248243968 and 56?
56
What is the greatest common divisor of 744751360 and 5420?
5420
Calculate the highest common divisor of 46951 and 6105249.
1619
Calculate the greatest common divisor of 19844572 and 44.
44
What is the greatest common factor of 109 and 42863?
1
Calculate the greatest common divisor of 2236 and 7519324.
172
What is the highest common factor of 94335 and 5250?
15
What is the greatest common factor of 472798239 and 282?
141
Calculate the greatest common factor of 21361 and 110618.
41
What is the greatest common factor of 1283937950 and 4490?
4490
Calculate the highest common factor of 1386762 and 4308702.
4638
What is the highest common factor of 45580336 and 16?
16
What is the greatest common factor of 3145323 and 561?
51
What is the highest common factor of 312970 and 76670?
170
Calculate the highest common factor of 194051250 and 6250.
1250
Calculate the highest common divisor of 19 and 16417729.
19
What is the greatest common factor of 931934 and 107158?
262
What is the greatest common divisor of 12631288 and 104?
8
What is the highest common factor of 471075 and 855?
15
What is the greatest common factor of 16003033 and 67775?
2711
What is the greatest common factor of 18300 and 1646386950?
9150
Calculate the highest common divisor of 801 and 5081544.
801
What is the greatest common divisor of 163 and 10834121?
163
What is the greatest common factor of 16469 and 9191895?
43
Calculate the highest common factor of 73533 and 81280.
127
What is the greatest common divisor of 211048 and 25880908?
4588
Calculate the greatest common factor of 26782045 and 15.
5
What is the greatest common divisor of 570 and 5504946?
114
What is the highest common divisor of 130144 and 3616?
32
What is the highest common divisor of 3079 and 37573037?
3079
Calculate the highest common factor of 77400 and 24381.
387
Calculate the greatest common factor of 655 and 318651605.
655
Calculate the highest common divisor of 1181504 and 256.
64
Calculate the greatest common divisor of 17073257 and 3016.
29
Calculate the greatest common divisor of 36722 and 19565.
301
What is the greatest common divisor of 6031 and 207200?
37
What is the greatest common factor of 40560008 and 1118?
86
What is the greatest common factor of 4525 and 331575?
25
Calculate the highest common divisor of 9918 and 20713743.
4959
What is the highest common divisor of 10500599 and 329?
47
Calculate the greatest common factor of 3243205 and 3395.
35
What is the highest common divisor of 323935 and 356643?
629
What is the highest common factor of 357 and 76772731?
119
Calculate the greatest common factor of 191483 and 64.
1
Calculate the highest common divisor of 894040 and 16688.
56
What is the highest common factor of 300803 and 144926?
233
What is the greatest common factor of 39 and 125739861?
39
Calculate the greatest common divisor of 14644 and 122815567.
3661
What is the highest common factor of 669072 and 10938696?
6312
What is the greatest common divisor of 3336524 and 30?
2
Calculate the greatest common factor of 50724 and 27192.
12
Calculate the highest common divisor of 30387710 and 31390.
730
What is the highest common divisor of 222900142 and 2?
2
Calculate the highest common divisor of 1611 and 30809301.
537
Calculate the highest common divisor of 185 and 915935.
185
What is the greatest common divisor of 4053 and 67943141?
1351
What is the highest common factor of 1001673 and 4255094?
1613
What is the highest common factor of 1529983 and 2268?
7
Calculate the greatest common factor of 960124859 and 596.
149
What is the greatest common factor of 1775973 and 2601?
51
Calculate the highest common divisor of 82122621 and 7.
7
What is the highest common factor of 125 and 3258850?
25
What is the greatest common divisor of 16836232 and 812?
28
What is the highest common divisor of 529 and 76667441?
529
What is the highest common divisor of 3262130 and 1488?
62
Calculate the highest common divisor of 2692060 and 29848.
1148
Calculate the greatest common divisor of 203 and 45725015.
7
What is the highest common factor of 3606846 and 2291?
29
Calculate the highest common factor of 90816 and 376336.
688
What is the highest common divisor of 89118015 and 6438?
3219
Calculate the highest common factor of 1123717 and 14875.
119
Calculate the highest common divisor of 45824 and 43497.
179
Calculate the greatest common divisor of 78958 and 9559.
11
Calculate the highest common factor of 389424399 and 1911.
273
What is the greatest common divisor of 30 and 49287015?
15
What is the highest common divisor of 23320640 and 19745?
1795
Calculate the highest common factor of 18624431 and 63.
7
What is the greatest common factor of 525 and 47867505?
105
Calculate the greatest common divisor of 55904 and 28285677.
1747
What is the greatest common factor of 76 and 2074060?
4
Calculate the greatest common divisor of 38177545 and 509.
509
What is the highest common divisor of 14253822 and 55?
11
What is the greatest common factor of 3724723 and 655?
131
What is the greatest common factor of 12291776 and 32704?
448
Calculate the highest common divisor of 248989 and 349141.
1391
What is the greatest common factor of 12621 and 1255737?
21
What is the highest common divisor of 1981273390 and 7570?
7570
What is the highest common divisor of 3683640 and 78?
6
What is the highest common divisor of 602 and 271424041?
301
What is the greatest common divisor of 72382219 and 322?
161
Calculate the greatest common divisor of 41 and 1481490720.
41
Calculate the highest common factor of 57 and 77267699.
19
Calculate the highest common factor of 18693 and 1025703.
603
Calculate the greatest common factor of 2142 and 237967394.
238
Calculate the highest common divisor of 511315812 and 898.
898
What is the greatest common factor of 678452 and 118579?
1501
Calculate the greatest common factor of 129 and 17869037.
43
Calculate the highest common divisor of 899932 and 23504.
452
What is the greatest common factor of 248384330 and 7025?
1405
What is the highest common factor of 144319962 and 6?
6
What is the greatest common factor of 3458 and 2797769?
247
Calculate the greatest common factor of 12364 and 1514876.
44
What is the greatest common divisor of 12276 and 123684?
132
What is the highest common divisor of 8431140 and 4080?
60
What is the 